{"id":4018,"date":"2024-01-10T14:24:23","date_gmt":"2024-01-10T13:24:23","guid":{"rendered":"https:\/\/isadviser.com\/operating-partners-day\/?page_id=4018"},"modified":"2024-01-24T10:15:34","modified_gmt":"2024-01-24T09:15:34","slug":"operating-partners-day-24-30-mai-paris","status":"publish","type":"page","link":"https:\/\/isadviser.com\/operating-partners-day\/operating-partners-day-24-30-mai-paris\/","title":{"rendered":"Operating Partners Day 24 | 30 mai | Paris"},"content":{"rendered":"","protected":true},"excerpt":{"rendered":"","protected":true},"author":1,"featured_media":0,"parent":0,"menu_order":0,"comment_status":"closed","ping_status":"closed","template":"","meta":{"_seopress_robots_primary_cat":"","_seopress_titles_title":"Operating Partners Day 24 | 30 mai | Paris","_seopress_titles_desc":"L&#039;Operating Partners Day 24 est la seconde \u00e9dition du 1er \u00e9v\u00e9nement fran\u00e7ais d\u00e9di\u00e9 \u00e0 la cr\u00e9ation de valeur financi\u00e8re et \u00e9conomique du m\u00e9tier d\u2019Operating Partners","_seopress_robots_index":"","inline_featured_image":false,"footnotes":""},"class_list":["post-4018","page","type-page","status-publish","post-password-required","hentry"],"_links":{"self":[{"href":"https:\/\/isadviser.com\/operating-partners-day\/wp-json\/wp\/v2\/pages\/4018","targetHints":{"allow":["GET"]}}],"collection":[{"href":"https:\/\/isadviser.com\/operating-partners-day\/wp-json\/wp\/v2\/pages"}],"about":[{"href":"https:\/\/isadviser.com\/operating-partners-day\/wp-json\/wp\/v2\/types\/page"}],"author":[{"embeddable":true,"href":"https:\/\/isadviser.com\/operating-partners-day\/wp-json\/wp\/v2\/users\/1"}],"replies":[{"embeddable":true,"href":"https:\/\/isadviser.com\/operating-partners-day\/wp-json\/wp\/v2\/comments?post=4018"}],"version-history":[{"count":3,"href":"https:\/\/isadviser.com\/operating-partners-day\/wp-json\/wp\/v2\/pages\/4018\/revisions"}],"predecessor-version":[{"id":4051,"href":"https:\/\/isadviser.com\/operating-partners-day\/wp-json\/wp\/v2\/pages\/4018\/revisions\/4051"}],"wp:attachment":[{"href":"https:\/\/isadviser.com\/operating-partners-day\/wp-json\/wp\/v2\/media?parent=4018"}],"curies":[{"name":"wp","href":"https:\/\/api.w.org\/{rel}","templated":true}]}}