{"id":1139,"date":"2018-12-03T15:53:01","date_gmt":"2018-12-03T14:53:01","guid":{"rendered":"https:\/\/demo.gloriathemes.com\/eventchamp\/demo\/?page_id=1139"},"modified":"2024-04-15T18:16:54","modified_gmt":"2024-04-15T16:16:54","slug":"schedule-style-7","status":"publish","type":"page","link":"https:\/\/isadviser.com\/operating-partners-day\/edition-2023\/agenda\/","title":{"rendered":"Agenda 2023"},"content":{"rendered":"<div class=\"wpb-content-wrapper\"><p>[vc_row][vc_column]<div class=\"gt-get-event-content\"><div class=\"gt-event-schedule gt-style-7\"><ul class=\"gt-schedule-tabs nav\" role=\"tablist\"><li><a data-toggle=\"tab\" class=\"active show\" href=\"#gt-event-schedule-1\" role=\"tab\" aria-controls=\"gt-event-schedule-1\" aria-selected=\"true\">Programme \u2022 Operating Partners Day 2023<\/a><\/li><\/ul><div class=\"gt-dropdown\"><div class=\"tab-content\"><div class=\"tab-pane fade active show\" id=\"gt-event-schedule-1\" role=\"tabpanel\" aria-labelledby=\"nav-gt-event-schedule-1-tab\"><div class=\"gt-panel-group\" id=\"event-schedule-accardion-214324\" role=\"tablist\" aria-multiselectable=\"true\"><div class=\"gt-item\"><ul><li><div class=\"gt-content\"><div class=\"gt-inner\"><div class=\"gt-title\">Petit d\u00e9jeuner - Networking<\/div><\/div><\/div><div class=\"gt-details\"><div class=\"gt-date\">08:30<\/div><\/div><\/li><li><div class=\"gt-content\"><div class=\"gt-inner\"><div class=\"gt-title\">Introduction \u2022 Operating Partners : 1 m\u00e9tier, plusieurs mani\u00e8res de l&#039;aborder<\/div><\/div><\/div><div class=\"gt-details\"><div class=\"gt-date\">09:30<\/div><\/div><\/li><li><div class=\"gt-content\"><div class=\"gt-inner\"><div class=\"gt-title\">2023 - 2024 Perspectives \u00e9conomiques et financi\u00e8res : Quels atouts des Operating Partners dans ce contexte ?<\/div><\/div><\/div><div class=\"gt-details\"><div class=\"gt-date\">09:45<\/div><\/div><\/li><li><div class=\"gt-content\"><div class=\"gt-inner\"><div class=\"gt-title\">Table ronde : Que font les Operating Partners ?<\/div><\/div><\/div><div class=\"gt-details\"><div class=\"gt-date\">10:15<\/div><\/div><\/li><li><div class=\"gt-content\"><div class=\"gt-inner\"><div class=\"gt-title\">Networking<\/div><\/div><\/div><div class=\"gt-details\"><div class=\"gt-date\">11:00<\/div><\/div><\/li><li><div class=\"gt-content\"><div class=\"gt-inner\"><div class=\"gt-title\">Acc\u00e9l\u00e9rer les 100 premiers jours d&#039;un investissement avec les Operating Partners<\/div><\/div><\/div><div class=\"gt-details\"><div class=\"gt-date\">11:30<\/div><\/div><\/li><li><div class=\"gt-content\"><div class=\"gt-inner\"><div class=\"gt-title\">Operating Parners : retour d&#039;exp\u00e9rience c\u00f4t\u00e9 Entreprise<\/div><\/div><\/div><div class=\"gt-details\"><div class=\"gt-date\">12:00<\/div><\/div><\/li><li><div class=\"gt-content\"><div class=\"gt-inner\"><div class=\"gt-title\">D\u00e9jeuner - Networking<\/div><\/div><\/div><div class=\"gt-details\"><div class=\"gt-date\">12:30<\/div><\/div><\/li><li><div class=\"gt-content\"><div class=\"gt-inner\"><div class=\"gt-title\">La r\u00e9silience op\u00e9rationnelle, valeur fondamentale de la cr\u00e9ation de valeur<\/div><\/div><\/div><div class=\"gt-details\"><div class=\"gt-date\">14:00<\/div><\/div><\/li><li><div class=\"gt-content\"><div class=\"gt-inner\"><div class=\"gt-title\">Lib\u00e9rer la valeur de trasformation d\u00e8s la due diligence<\/div><\/div><\/div><div class=\"gt-details\"><div class=\"gt-date\">14:30<\/div><\/div><\/li><li><div class=\"gt-content\"><div class=\"gt-inner\"><div class=\"gt-title\">La responsabilit\u00e9, nouveau crit\u00e8re d&#039;investissement<\/div><\/div><\/div><div class=\"gt-details\"><div class=\"gt-date\">15:00<\/div><\/div><\/li><li><div class=\"gt-content\"><div class=\"gt-inner\"><div class=\"gt-title\">Networking<\/div><\/div><\/div><div class=\"gt-details\"><div class=\"gt-date\">15:30<\/div><\/div><\/li><li><div class=\"gt-content\"><div class=\"gt-inner\"><div class=\"gt-title\">Table ronde : LP des exigences en hausse<\/div><\/div><\/div><div class=\"gt-details\"><div class=\"gt-date\">16:00<\/div><\/div><\/li><li><div class=\"gt-content\"><div class=\"gt-inner\"><div class=\"gt-title\">France  2030 ; les r\u00f4les des Operating Partners<\/div><\/div><\/div><div class=\"gt-details\"><div class=\"gt-date\">17:00<\/div><\/div><\/li><li><div class=\"gt-content\"><div class=\"gt-inner\"><div class=\"gt-title\">Networking<\/div><\/div><\/div><div class=\"gt-details\"><div class=\"gt-date\">17:45<\/div><\/div><\/li><\/ul><\/div><\/div><\/div><\/div><\/div><\/div><\/div>[\/vc_column][\/vc_row]<\/p>\n<\/div>","protected":false},"excerpt":{"rendered":"<p>[vc_row][vc_column][\/vc_column][\/vc_row]<\/p>\n","protected":false},"author":1,"featured_media":0,"parent":895,"menu_order":0,"comment_status":"closed","ping_status":"closed","template":"","meta":{"_seopress_robots_primary_cat":"","_seopress_titles_title":"Agenda 2023 | Operating Partners Day 24","_seopress_titles_desc":"","_seopress_robots_index":"","inline_featured_image":false,"footnotes":""},"class_list":["post-1139","page","type-page","status-publish","hentry"],"_links":{"self":[{"href":"https:\/\/isadviser.com\/operating-partners-day\/wp-json\/wp\/v2\/pages\/1139","targetHints":{"allow":["GET"]}}],"collection":[{"href":"https:\/\/isadviser.com\/operating-partners-day\/wp-json\/wp\/v2\/pages"}],"about":[{"href":"https:\/\/isadviser.com\/operating-partners-day\/wp-json\/wp\/v2\/types\/page"}],"author":[{"embeddable":true,"href":"https:\/\/isadviser.com\/operating-partners-day\/wp-json\/wp\/v2\/users\/1"}],"replies":[{"embeddable":true,"href":"https:\/\/isadviser.com\/operating-partners-day\/wp-json\/wp\/v2\/comments?post=1139"}],"version-history":[{"count":3,"href":"https:\/\/isadviser.com\/operating-partners-day\/wp-json\/wp\/v2\/pages\/1139\/revisions"}],"predecessor-version":[{"id":3813,"href":"https:\/\/isadviser.com\/operating-partners-day\/wp-json\/wp\/v2\/pages\/1139\/revisions\/3813"}],"up":[{"embeddable":true,"href":"https:\/\/isadviser.com\/operating-partners-day\/wp-json\/wp\/v2\/pages\/895"}],"wp:attachment":[{"href":"https:\/\/isadviser.com\/operating-partners-day\/wp-json\/wp\/v2\/media?parent=1139"}],"curies":[{"name":"wp","href":"https:\/\/api.w.org\/{rel}","templated":true}]}}